{"id":26,"date":"2016-11-22T17:10:34","date_gmt":"2016-11-22T16:10:34","guid":{"rendered":"https:\/\/www.arsc.il.pw.edu.pl\/?page_id=26"},"modified":"2020-10-06T16:35:35","modified_gmt":"2020-10-06T14:35:35","slug":"partnerstwo","status":"publish","type":"page","link":"https:\/\/www.arsc.il.pw.edu.pl\/index.php\/pl\/partnerstwo\/","title":{"rendered":"Partnerstwo"},"content":{"rendered":"<p><strong>Promotor:<\/strong><\/p>\n<p><a href=\"http:\/\/www.korporacjaradex.pl\/\" target=\"_blank\" rel=\"noopener noreferrer\">Korporacja RADEX S.A., PL<\/a><\/p>\n<p><img loading=\"lazy\" decoding=\"async\" class=\"alignnone\" src=\"https:\/\/www.arsc.il.pw.edu.pl\/wp-content\/uploads\/2020\/02\/korporacja-radex.jpg\" alt=\"\" width=\"320\" height=\"202\"><\/p>\n<p>p\u00f3\u0142ka pe\u0142ni rol\u0119:<\/p>\n<ul>\n<li>koordynatora przedsi\u0119wzi\u0119\u0107 z przygotowaniem inwestycji budowlanych,<\/li>\n<li>inwestora zast\u0119pczegp dla wyj\u0105tkowo skomplikowanych, du\u017cych projekt\u00f3w inwestycyjnych,<\/li>\n<li>organizatora finansowania du\u017cych przedsi\u0119wzi\u0119\u0107 inwestycyjnych.<\/li>\n<\/ul>\n<p align=\"justify\">W swojej dzia\u0142alno\u015bci wsp\u00f3\u0142pracuje z czo\u0142owymi polskimi oraz europejskimi deweloperami, koncernami budowlanymi, bankami oraz funduszami inwestycyjnymi, specjalizuj\u0105c si\u0119 w zarz\u0105dzaniu procesami inwestycyjnymi.<\/p>\n<p>Za swoje osi\u0105gni\u0119cia Korporacja Radex S.A. zosta\u0142a wyr\u00f3\u017cniona wieloma odznaczeniami w tym m.in.:<\/p>\n<ul>\n<li>Medalem PAN im. T. Kotarbi\u0144skiego<\/li>\n<li>Z\u0142ot\u0105 Odznak\u0105 &#8220;Zas\u0142u\u017cony dla Budownictwa&#8221;<\/li>\n<li>Medalem Europejskim<\/li>\n<li>Europejskim Certyfikatem &#8220;Rzetelni w Biznesie&#8221;<\/li>\n<\/ul>\n<p>tytu\u0142ami:<\/p>\n<ul>\n<li>&#8220;Budowa Roku&#8221; i &#8220;Proces Inwestycyjny Roku&#8221;<\/li>\n<li>&#8220;Pracodawca Roku w Budownictwie&#8221;<\/li>\n<li>&#8220;Ambasador Polskiej Gospodarki&#8221;<\/li>\n<li>&#8220;Lider Zr\u00f3wnowa\u017conego Rozwoju&#8221;<\/li>\n<\/ul>\n<p>oraz god\u0142ami:<\/p>\n<ul>\n<li>Teraz Polska za zarz\u0105dzanie procesem inwestycyjnym oraz wynajem powierzchni u\u017cytkowych<\/li>\n<li>Quality International w kategoriach: zarz\u0105dzanie najwy\u017cszej jako\u015bci oraz us\u0142ugi najwy\u017cszej jako\u015bci<\/li>\n<\/ul>\n<p align=\"justify\">Korporacja Radex S.A. opr\u00f3cz autorskiego know-how stosuje zintegrowany system zarz\u0105dzania, certyfikowany na&nbsp;zgodno\u015b\u0107 z normami: ISO 9001, ISO 14001, ISO 18001 oraz ISO 27001.<\/p>\n<p>Niezale\u017cnie od strefy inwestycyjnej Korporacja Radex S.A. prowadzi dzia\u0142alno\u015b\u0107 w zakresie wynajmu powierzchni komercyjnej, tworz\u0105cych <a href=\"http:\/\/www.korporacjaradex.pl\/marywilska_park\/index.html\"><b>Korporacja Radex Business Park w Warszawie<\/b><\/a> &#8211; centrum biznesowe, kt\u00f3rego jest w\u0142a\u015bcicielem i operatorem.<\/p>\n<p>Jest tak\u017ce wsp\u00f3\u0142za\u0142o\u017cycielem i koordynatorem <a href=\"http:\/\/www.klastercop.pl\"><b>Klastra Przemys\u0142owego COP.<\/b><\/a><\/p>\n<p>&nbsp;<\/p>\n<p><strong>Partnerzy:<\/strong><\/p>\n<p><a href=\"https:\/\/www.il.pw.edu.pl\/\" target=\"_blank\" rel=\"noopener noreferrer\">Wydzia\u0142 In\u017cynierii L\u0105dowej Politechnika Warszawska, PL<\/a><\/p>\n<p><img loading=\"lazy\" decoding=\"async\" class=\"alignnone\" src=\"http:\/\/www.arcw.il.pw.edu.pl\/wp-content\/uploads\/2015\/05\/logo_pw.png\" alt=\"\" width=\"198\" height=\"198\"><\/p>\n<p>Wydzia\u0142 In\u017cynierii L\u0105dowej powsta\u0142 w 1915 roku jako jeden z trzech najstarszych wydzia\u0142\u00f3w uczelni, ale jego tradycje si\u0119gaj\u0105 pocz\u0105tk\u00f3w XIX wieku. Obecnie mie\u015bci si\u0119 we w\u0142asnym gmachu przy al. Armii Ludowej 16, gdzie znajduje si\u0119 wi\u0119kszo\u015b\u0107 sal wyk\u0142adowych oraz laboratori\u00f3w dydaktycznych i badawczych. W ostatnich latach Wydzia\u0142 przyjmuje rocznie oko\u0142o 300 student\u00f3w na studia stacjonarne i tak\u0105 sam\u0105 liczb\u0119 os\u00f3b na studia niestacjonarne. Og\u00f3lna liczba student\u00f3w na pocz\u0105tku roku akademickiego wynosi\u0142a oko\u0142o 2500.<\/p>\n<p>Wydzia\u0142 In\u017cynierii L\u0105dowej oferuje studentom trzy specjalno\u015bci: Konstrukcje Budowlane i In\u017cynierskie, In\u017cynieria Komunikacyjna oraz In\u017cynieria Produkcji Budowlanej. W ramachspecjalizacji dodatkowo oferowane s\u0105 nast\u0119puj\u0105ce kursy dyplomowe: Teoria Konstrukcji oraz Mosty i Budowle Podziemne. Od RA 2008\/9 na studiach stacjonarnych pierwszego stopnia jest tak\u017ce dost\u0119pna specjalno\u015b\u0107 Budownictwo Energooszcz\u0119dne.<\/p>\n<p>Wydzia\u0142 zatrudnia ponad 150 pracownik\u00f3w na etatach naukowo-dydaktycznych w tym ponad 20 profesor\u00f3w (z czego wi\u0119kszo\u015b\u0107 z tytu\u0142em naukowym), a tak\u017ce adiunkt\u00f3w ze stopniem doktora habilitowanego oraz adiunkt\u00f3w ze stopniem doktora. Kadr\u0119 Wydzia\u0142u tworzy ponadto grupa ponad 80 os\u00f3b personelu techniczno-administracyjnego.<\/p>\n<p>Wydzia\u0142 sk\u0142ada si\u0119 z nast\u0119puj\u0105cych jednostek organizacyjnych: Instytutu Dr\u00f3g i Most\u00f3w oraz Instytutu In\u017cynierii Budowlanej.<\/p>\n<p>Wydzia\u0142 wsp\u00f3\u0142pracuje z wieloma uczelniami zagranicznymi, w tym z Uniwersytetem Michigan w Stanach Zjednoczonych, Politechnik\u0105 w Darmstadt, Politechnik\u0105 Gedymina w Wilnie, Moskiewsk\u0105 Akademi\u0105 Budownictwa oraz Akademi\u0105 Budownictwa i Architektury w Dniepropietrowsku, Uniwersytetem w Liege, Uniwersytetem Technicznym (RWTH) w Aachen, Katolickim Uniwersytetem w Leuven, Instytutem Badawczym (IRMA) w Lublianie oraz Instytutem Technologii i Norm (NIST) w Gaithersburgu.<\/p>\n<p>&nbsp;<\/p>\n<p><a href=\"http:\/\/www.tu-darmstadt.de\/\" target=\"_blank\" rel=\"noopener noreferrer\">Technische Universit\u00e4t Darmstadt, DE<\/a><\/p>\n<p><img loading=\"lazy\" decoding=\"async\" class=\"alignnone\" src=\"http:\/\/www.arcw.il.pw.edu.pl\/wp-content\/uploads\/2015\/05\/DARM-logo.png\" alt=\"\" width=\"263\" height=\"109\"><\/p>\n<p>Instytut Technologii i Zarz\u0105dzania w Budownictwie jest wiod\u0105cym instytutem na Wydziale In\u017cynierii L\u0105dowej i Geodezji Technische Universit\u00e4t Darmstadt (Politechnika w Darmstadt). Jego personel sk\u0142ada si\u0119 z jednego profesora zwyczajnego (prof Motzko), jednego wyk\u0142adowcy (dr Klingenberger), trzech profesor\u00f3w nadzwyczajnych oraz 15 asystent\u00f3w naukowych. G\u0142\u00f3wne obszary bada\u0144 to: Symulacje i Kontroling (symulacja w czasie rzeczywistym, monitorowanie i kontrolowanie prac budowlanych; Zarz\u0105dzanie \u0142a\u0144cuchem dostaw); Organizacja w budownictwie (Bezpiecze\u0144stwo i Higiena Pracy w Budownictwie, alokacja ryzyka projektu w kontraktach budowlanych); Process Engineering (Automatyka w technologii budowlanej, Beton architektoniczny, technologia deskowania); Nieruchomo\u015bci i Facility Management.<\/p>\n<p>&nbsp;<\/p>\n<p><a href=\"http:\/\/www.psmb.pl\" target=\"_blank\" rel=\"noopener noreferrer\">Polskie Stowarzyszenie Mened\u017cer\u00f3w Budownictwa, PL<\/a><\/p>\n<p><img loading=\"lazy\" decoding=\"async\" class=\" alignnone\" src=\"http:\/\/www.arfat.il.pw.edu.pl\/wp-content\/uploads\/2016\/12\/logo-PSMB-z-bialym-tlem.gif\" alt=\"\" width=\"220\" height=\"310\"><\/p>\n<p>PSMB powo\u0142ano we wsp\u00f3\u0142pracy z The Association of European Building Surveyors and Construction Experts (AEEBC) oraz The Chartered Institute of Building (CIOB) \u2013 mi\u0119dzynarodowymi organizacjami zrzeszaj\u0105cymi podmioty i instytucje pa\u0144stw europejskich, w celu kszta\u0142cenia i certyfikacji kwalifikacji mened\u017cerskich kadr budownictwa.<br \/>\nPSMB dzia\u0142a na zasadzie non profit nie korzystaj\u0105c z \u017cadnych preferencji, ani ustawowego nakazu przynale\u017cno\u015bci do okre\u015blonych organizacji zawodowych.<br \/>\nMerytoryczne podstawy dzia\u0142alno\u015bci Stowarzyszenia opracowano i sformu\u0142owano przy wsparciu \u015brodk\u00f3w unijnych, w celu wyr\u00f3wnania kwalifikacji polskich mened\u017cer\u00f3w budownictwa do standard\u00f3w europejskich oraz przygotowania ich do prowadzenia dzia\u0142alno\u015bci gospodarczej na rynku mi\u0119dzynarodowym.<\/p>\n<p>&nbsp;<\/p>\n<p><a href=\"https:\/\/www.ugr.es\/\" target=\"_blank\" rel=\"noopener noreferrer\">University of Granada, ES<\/a><\/p>\n<p><a href=\"https:\/\/www.ugr.es\/\"><img loading=\"lazy\" decoding=\"async\" class=\"alignnone wp-image-1229\" src=\"https:\/\/www.arsc.il.pw.edu.pl\/wp-content\/uploads\/2020\/05\/logo-ugr.png\" alt=\"\" width=\"239\" height=\"239\" srcset=\"https:\/\/www.arsc.il.pw.edu.pl\/wp-content\/uploads\/2020\/05\/logo-ugr.png 400w, https:\/\/www.arsc.il.pw.edu.pl\/wp-content\/uploads\/2020\/05\/logo-ugr-300x300.png 300w, https:\/\/www.arsc.il.pw.edu.pl\/wp-content\/uploads\/2020\/05\/logo-ugr-150x150.png 150w\" sizes=\"(max-width: 239px) 100vw, 239px\" \/><\/a><\/p>\n<p>Universidad de Granada (UGR ) to publiczny uniwersytet, znajduje si\u0119 w mie\u015bcie Granada, Hiszpania, za\u0142o\u017cony w 1531 roku przez cesarza Karola V. Uczy si\u0119 na nim oko\u0142o 80.000 student\u00f3w; jest czwartym co do wielko\u015bci uniwersytetem w Hiszpanii. UGR posiada r\u00f3wnie\u017c kampusy w p\u00f3\u0142nocnej Afryce (Ceuta i Melilla).<\/p>\n<p>To uniwersytet otwarty na \u015bwiat: studenci pochodz\u0105 ze 114 kraj\u00f3w. Wiod\u0105cy europejski uniwersytet w zakresie mobilno\u015bci student\u00f3w Erasmusa przyje\u017cd\u017caj\u0105cych i wyje\u017cd\u017caj\u0105cych, z ponad 800 aktywnymi dwustronnymi i wielostronnymi umowami z instytucjami na ca\u0142ym \u015bwiecie. UGR jest uznawany na ca\u0142ym \u015bwiecie za jako\u015b\u0107 bada\u0144 w wielu dziedzinach.<\/p>\n<p>UGR ma ponad 400 grup badawczych pracuj\u0105cych we wszystkich obszarach wiedzy naukowej, we wsp\u00f3\u0142pracy z innymi krajami.<\/p>\n<p>&nbsp;<br \/>\n<a href=\"http:\/\/www.uv.es\/\" target=\"_blank\" rel=\"noopener noreferrer\">Universitat de VALENCIA, ES<\/a><\/p>\n<p><img loading=\"lazy\" decoding=\"async\" class=\"alignnone\" src=\"http:\/\/www.arcw.il.pw.edu.pl\/wp-content\/uploads\/2015\/05\/UV-logo.gif\" alt=\"\" width=\"203\" height=\"200\"><\/p>\n<p>Universitat de Valencia powsta\u0142 ponad pi\u0119\u0107 wiek\u00f3w. Obecnie jest nowoczesn\u0105 uczelni\u0105 oferuj\u0105c\u0105 studia w r\u00f3\u017cnych dziedzinach wiedzy: nauki eksperymentalne; kierunki in\u017cynierskie; nauki o zdrowiu; humanistyczne; nauki spo\u0142eczne, ekonomiczne i prawne; pedagogika. IRTIC jest multidyscyplinarnym centrum R&amp;D w ramach Uniwersytetu Walencji. Zosta\u0142o ono utworzone w 1991 roku. W ci\u0105gu ostatnich 22 lat instytut pracuje w zakresie technologii informacyjno-komunikacyjnych. W 1992 roku rozpocz\u0119to badania w dziedzinach Grafiki komputerowej i wirtualnej rzeczywisto\u015bci. Obecnie instytut zatrudnia ponad 40 os\u00f3b, pracuj\u0105cych g\u0142\u00f3wnie w obszarach rzeczywisto\u015bci wirtualnej (Virtual Reality), rzeczywisto\u015bci rozszrzonej (Augmented Reality). W ci\u0105gu ostatnich 10 lat grupa opracowa\u0142a kilka projekt\u00f3w szkoleniowych w tematyce Augmented Reality, zar\u00f3wno na szczeblu krajowym, jak i mi\u0119dzynarodowym.<\/p>\n<p>&nbsp;<\/p>\n","protected":false},"excerpt":{"rendered":"<p>Promotor: Korporacja RADEX S.A., PL p\u00f3\u0142ka pe\u0142ni rol\u0119: koordynatora przedsi\u0119wzi\u0119\u0107 z przygotowaniem inwestycji budowlanych, inwestora zast\u0119pczegp dla wyj\u0105tkowo skomplikowanych, du\u017cych projekt\u00f3w inwestycyjnych, organizatora finansowania du\u017cych przedsi\u0119wzi\u0119\u0107 inwestycyjnych. W swojej dzia\u0142alno\u015bci wsp\u00f3\u0142pracuje z czo\u0142owymi polskimi oraz europejskimi deweloperami, koncernami budowlanymi, bankami oraz funduszami inwestycyjnymi, specjalizuj\u0105c si\u0119 w zarz\u0105dzaniu procesami inwestycyjnymi. Za swoje osi\u0105gni\u0119cia Korporacja Radex S.A. &hellip; <a href=\"https:\/\/www.arsc.il.pw.edu.pl\/index.php\/pl\/partnerstwo\/\" class=\"more-link\">Continue reading <span class=\"screen-reader-text\">Partnerstwo<\/span> <span class=\"meta-nav\">&rarr;<\/span><\/a><\/p>\n","protected":false},"author":1,"featured_media":0,"parent":0,"menu_order":0,"comment_status":"closed","ping_status":"closed","template":"","meta":{"ngg_post_thumbnail":0,"footnotes":""},"class_list":["post-26","page","type-page","status-publish","hentry"],"_links":{"self":[{"href":"https:\/\/www.arsc.il.pw.edu.pl\/index.php\/wp-json\/wp\/v2\/pages\/26"}],"collection":[{"href":"https:\/\/www.arsc.il.pw.edu.pl\/index.php\/wp-json\/wp\/v2\/pages"}],"about":[{"href":"https:\/\/www.arsc.il.pw.edu.pl\/index.php\/wp-json\/wp\/v2\/types\/page"}],"author":[{"embeddable":true,"href":"https:\/\/www.arsc.il.pw.edu.pl\/index.php\/wp-json\/wp\/v2\/users\/1"}],"replies":[{"embeddable":true,"href":"https:\/\/www.arsc.il.pw.edu.pl\/index.php\/wp-json\/wp\/v2\/comments?post=26"}],"version-history":[{"count":9,"href":"https:\/\/www.arsc.il.pw.edu.pl\/index.php\/wp-json\/wp\/v2\/pages\/26\/revisions"}],"predecessor-version":[{"id":1243,"href":"https:\/\/www.arsc.il.pw.edu.pl\/index.php\/wp-json\/wp\/v2\/pages\/26\/revisions\/1243"}],"wp:attachment":[{"href":"https:\/\/www.arsc.il.pw.edu.pl\/index.php\/wp-json\/wp\/v2\/media?parent=26"}],"curies":[{"name":"wp","href":"https:\/\/api.w.org\/{rel}","templated":true}]}}