{"id":72,"date":"2016-12-02T13:39:13","date_gmt":"2016-12-02T12:39:13","guid":{"rendered":"https:\/\/www.arsc.il.pw.edu.pl\/?page_id=72"},"modified":"2020-02-14T13:39:39","modified_gmt":"2020-02-14T12:39:39","slug":"rzeczywistosc-rozszerzona","status":"publish","type":"page","link":"https:\/\/www.arsc.il.pw.edu.pl\/index.php\/pl\/rzeczywistosc-rozszerzona\/","title":{"rendered":"Rzeczywisto\u015b\u0107 rozszerzona"},"content":{"rendered":"<p>Rzeczywisto\u015b\u0107 rozszerzona, po angielsku Augmented Reality(AR), to system \u0142\u0105cz\u0105cy \u015bwiat rzeczywisty z generowanym komputerowo. AR wykorzystuje obraz z kamery (np. w smartfonie, tablecie, specjalnych okularach), na kt\u00f3ry na\u0142o\u017cona jest, generowana w czasie rzeczywistym, grafika 3D.<\/p>\n<p>Nowoczesne systemy treningowe wykorzystuj\u0105ce technologi\u0119 rzeczywisto\u015bci rozszerzonej s\u0105 stale rozwijane przez najbardziej wp\u0142ywowe firmy na \u015bwiecie. U\u017cywa si\u0119 ich do szkolenia np. pilot\u00f3w, kierowc\u00f3w F1, czy personelu wojskowego. Mo\u017cna z \u0142atwo\u015bci\u0105 stwierdzi\u0107, \u017ce AR jest przysz\u0142o\u015bci\u0105 wysokiej klasy szkole\u0144 ustawicznych i zawodowych VET.<\/p>\n<p>Nigdy wcze\u015bniej nie opracowano szkolenia w zakresie monta\u017cu ok\u0142adzin kamiennych z wykorzystaniem AR. Wykorzystanie urz\u0105dze\u0144 mobilnych wraz z technologi\u0105 rzeczywisto\u015bci rozszerzonej sprawi, \u017ce trening b\u0119dzie innowacyjny oraz atrakcyjny dla uczestnik\u00f3w. Przewidziany w projekcie podr\u0119cznik, system szkoleniowy oraz oprogramowanie AR b\u0119dzie zawiera\u0142o najlepsze praktyki kraj\u00f3w europejskich z dziedziny deskowa\u0144 i rusztowa\u0144 oraz zestaw \u0107wicze\u0144 dla u\u017cytkownik\u00f3w.<\/p>\n<p>W celu uzyskania wi\u0119kszej ilo\u015bci informacji na temat szkole\u0144 AR, zapraszamy na stron\u0119 internetow\u0105 naszego poprzedniego projektu:<\/p>\n<p><a href=\"http:\/\/www.arfat.il.pw.edu.pl\/\" target=\"_blank\" rel=\"noopener noreferrer\">arfat.il.pw.edu.pl<\/a><\/p>\n<p><a href=\"http:\/\/www.arfat.il.pw.edu.pl\/\" target=\"_blank\" rel=\"noopener noreferrer\"><img loading=\"lazy\" decoding=\"async\" class=\"alignnone size-full wp-image-70\" src=\"https:\/\/www.arsc.il.pw.edu.pl\/wp-content\/uploads\/2016\/12\/AR-foto.png\" alt=\"ar-foto\" width=\"526\" height=\"248\" srcset=\"https:\/\/www.arsc.il.pw.edu.pl\/wp-content\/uploads\/2016\/12\/AR-foto.png 526w, https:\/\/www.arsc.il.pw.edu.pl\/wp-content\/uploads\/2016\/12\/AR-foto-300x141.png 300w\" sizes=\"(max-width: 526px) 100vw, 526px\" \/><\/a><\/p>\n<p>&nbsp;<\/p>\n","protected":false},"excerpt":{"rendered":"<p>Rzeczywisto\u015b\u0107 rozszerzona, po angielsku Augmented Reality(AR), to system \u0142\u0105cz\u0105cy \u015bwiat rzeczywisty z generowanym komputerowo. AR wykorzystuje obraz z kamery (np. w smartfonie, tablecie, specjalnych okularach), na kt\u00f3ry na\u0142o\u017cona jest, generowana w czasie rzeczywistym, grafika 3D. Nowoczesne systemy treningowe wykorzystuj\u0105ce technologi\u0119 rzeczywisto\u015bci rozszerzonej s\u0105 stale rozwijane przez najbardziej wp\u0142ywowe firmy na \u015bwiecie. U\u017cywa si\u0119 ich do &hellip; <a href=\"https:\/\/www.arsc.il.pw.edu.pl\/index.php\/pl\/rzeczywistosc-rozszerzona\/\" class=\"more-link\">Continue reading <span class=\"screen-reader-text\">Rzeczywisto\u015b\u0107 rozszerzona<\/span> <span class=\"meta-nav\">&rarr;<\/span><\/a><\/p>\n","protected":false},"author":1,"featured_media":0,"parent":0,"menu_order":0,"comment_status":"closed","ping_status":"closed","template":"","meta":{"ngg_post_thumbnail":0,"footnotes":""},"class_list":["post-72","page","type-page","status-publish","hentry"],"_links":{"self":[{"href":"https:\/\/www.arsc.il.pw.edu.pl\/index.php\/wp-json\/wp\/v2\/pages\/72"}],"collection":[{"href":"https:\/\/www.arsc.il.pw.edu.pl\/index.php\/wp-json\/wp\/v2\/pages"}],"about":[{"href":"https:\/\/www.arsc.il.pw.edu.pl\/index.php\/wp-json\/wp\/v2\/types\/page"}],"author":[{"embeddable":true,"href":"https:\/\/www.arsc.il.pw.edu.pl\/index.php\/wp-json\/wp\/v2\/users\/1"}],"replies":[{"embeddable":true,"href":"https:\/\/www.arsc.il.pw.edu.pl\/index.php\/wp-json\/wp\/v2\/comments?post=72"}],"version-history":[{"count":3,"href":"https:\/\/www.arsc.il.pw.edu.pl\/index.php\/wp-json\/wp\/v2\/pages\/72\/revisions"}],"predecessor-version":[{"id":1129,"href":"https:\/\/www.arsc.il.pw.edu.pl\/index.php\/wp-json\/wp\/v2\/pages\/72\/revisions\/1129"}],"wp:attachment":[{"href":"https:\/\/www.arsc.il.pw.edu.pl\/index.php\/wp-json\/wp\/v2\/media?parent=72"}],"curies":[{"name":"wp","href":"https:\/\/api.w.org\/{rel}","templated":true}]}}